) + 13*q(u). Give z(-16).
12
Let j(z) = -z**3 + 7*z**2 + 31*z - 17. Let b be j(10). Let t(m) = m**2 + 25*m + 129. Let h be t(b). Let o(w) = -w**3 + 5*w**2 - 5*w + 2. Determine o(h).
5
Suppose 5*k + 5 = 0, 5*k = -13*o + 10*o + 4. Let b(g) = -2*g**2 - 5*g**2 - 9 + 20 - g**o - 7*g - 16 - g. Determine b(-5).
-15
Let c(d) = 8*d**2 - 2*d - 1. Let x = 140 + -140. Let t(f) = 13*f - 15. Let s(r) = 7*r - 8. Let y(p) = 11*s(p) - 6*t(p). Let g be y(x). What is c(g)?
27
Let f(i) be the third derivative of 7*i**4/12 - 37*i**3/6 + 6335*i**2. Determine f(12).
131
Let l(b) = 34*b - 9. Let i(c) = -43*c + 11. Let v(o) = 11*i(o) + 14*l(o). Let q = 6 + 1. Give v(q).
16
Let x(o) = -3*o**3 - 2*o**2 - o. Let b be x(-1). Let i = -10 - -10. Let p(h) = 8*h + i*h + 2 + h - 8*h. Determine p(b).
4
Let j(i) = 3*i**3 - 11*i**2 + 9*i. Let y = 23 + -15. Let x(l) = -5*l**3 + 16*l**2 - 13*l. Let d(p) = y*j(p) + 5*x(p). What is d(-9)?
18
Let l(g) = -12*g**2 + 4*g**2 + 0*g + g**3 + g + 181 + 9*g - 159. Calculate l(7).
43
Let k(g) be the third derivative of g**5/40 + 2*g**4/3 + 122*g**3/3 - 30*g**2. Let d(n) be the first derivative of k(n). Calculate d(-6).
-2
Let u(m) = 593*m + 55. Let i(n) = -749*n - 54. Let h(z) = -4*i(z) - 5*u(z). Give h(2).
3
Let v(j) = 48*j**3 - 2*j**2 - 3*j + 7*j**2 - 93*j**3 - 5*j + 17 + 44*j**3. Give v(5).
-23
Suppose -37*i + 15 = -32*i. Suppose -d = -5*d - 2*h - 20, -3*d + i*h - 15 = 0. Let q(z) = -z + 5. Calculate q(d).
10
Let b = 218 + 149. Suppose -2*a - b = -3*a. Let g(t) = -362 + 0*t + 2*t + a. Give g(-4).
-3
Suppose -369*z = -534*z + 1485. Let o(y) = -20*y + 173. Calculate o(z).
-7
Suppose 122 + 102 = 33*f + 26. Let t(w) be the first derivative of -w**4/4 + 2*w**3 + w**2 + 7*w + 3. Calculate t(f).
19
Let r(j) be the second derivative of j**6/360 - j**5/120 - j**4/6 + 35*j**3/6 - 5*j. Let f(u) be the second derivative of r(u). Determine f(3).
2
Let u(z) = 2*z**2 - 8*z + 11. Suppose 4*h = 16, 3*o + 156*h = 151*h + 29. Calculate u(o).
5
Let p(k) = -12*k**3 - 26*k**2 + 43*k + 52. Let i(j) = -19*j**3 - 40*j**2 + 66*j + 78. Let d(b) = -5*i(b) + 8*p(b). Give d(-9).
-19
Let f(r) = r + 0 + 14 + 18 + 3 - 6*r. Determine f(-6).
65
Let k(j) = 60*j**2 + 78*j**2 + 58*j**2 + j - 187*j**2 - 1. Suppose 2*x - 6 = -4. What is k(x)?
9
Let j(p) = 2*p**3 - 11*p**2 + 31*p - 6. Let s(g) = 3*g**3 - 18*g**2 + 46*g - 11. Let x(l) = -14*j(l) + 9*s(l). Give x(-4).
1
Let h(b) be the second derivative of -b**5/20 - 4*b**4/3 + 3*b**3/2 - 25*b**2/2 + 4211*b. Calculate h(-17).
111
Let t = 866 - 441. Let p = 426 - t. Let v(j) = -9*j**2 - j + 2. Give v(p).
-8
Let g(k) = -k**3 - 2*k**2 - 5*k - 7. Suppose 9*r = 3227 - 3254. Determine g(r).
17
Let t(n) be the first derivative of -n**3/3 + 5*n**2/2 + 8*n - 2166. Let d(i) = i + 7. Let y be d(0). Determine t(y).
-6
Let c(f) = 8*f - 233. Let t(q) = -10*q + 248. Let u(l) = 7*c(l) + 6*t(l). Give u(-35).
-3
Let n(t) = -1247*t**3 - 17*t**2 - 1384*t**3 - 20 + 23*t + 2633*t**3. Calculate n(7).
-6
Let p(a) = a + 6. Let b = -42 + 40. Let q be (-1)/2*42/3 + b. Let z be 1/3 + 57/q. Determine p(z).
0
Let q(x) = 4*x**2 + 16*x + 19*x + 6 - 38*x + x**3. Let n(i) = -23*i + 225. Let l be n(10). Calculate q(l).
-4
Let d be 0/(-3 - 0 - -4) + 1. Let k(v) be the second derivative of 7*v**4/24 - v**3/6 - 5*v**2/2 - 11*v. Let y(w) be the first derivative of k(w). Give y(d).
6
Let w(u) be the third derivative of -u**6/120 + 2*u**5/15 - u**4/4 - 3*u**3/2 + 63*u**2 - 4. Calculate w(7).
-2
Let g(f) = -f - 38. Let c be (-84)/2*1/(-8)*-4. Let n be g(c). Let a = n - -20. Let w(d) = -d**2 + 2*d - 3. What is w(a)?
-6
Let c(y) = 12*y. Let u be 4 - (-1 - (-11 + -4)). Let b be (-2 + u + 8)*(-1)/4. Calculate c(b).
12
Let k = 35 - 38. Let f be ((-1)/k)/(10/120). Let m(d) = -7*d**2 + 5*d**2 + 5 + 4*d - 4. Determine m(f).
-15
Let x(z) = 44*z**2 - 1 - 44*z**2 - 7*z**3. Let m(d) = -2*d**3 - 2*d**2 - 3*d - 2. Let i be m(-1). Suppose -12 = 11*h - i. Determine x(h).
6
Let z(s) = -s**3 + 5*s**2 - s - 8. Let j be z(2). Let w(y) = 5*y - 9*y**2 + 172 - 175 - 10*y**j + 20*y**2. Give w(2).
11
Let v(d) = -d**3 - 8*d**2 - d - 10. Let w(k) = k**3 + 6*k**2 - 5*k + 6. Suppose 5*i - 38 + 73 = 0. Let f be w(i). Determine v(f).
-2
Let q(p) = -p - 13. Let v be (2 - 1)*(0 - 1). Let s(a) = -1. Let k(x) = v*s(x) + q(x). What is k(-12)?
0
Suppose -3*f = -3*z + 9, -4*z - f + 12 = -3*f. Suppose -17 = -4*w + z. Let o(h) = -h**3 + 4*h**2 + 5*h + 3. Determine o(w).
3
Let u = -6 + 6. Suppose -8*g - 40 = -13*g. Let o(k) = -k - 3 + 7*k**3 + 0*k + 0 - g*k**3 + k**2. Give o(u).
-3
Let x(k) = -3*k**2 + k. Suppose -4*g + 17 = -2*m + 15, 3*g = -5*m + 21. Suppose 3*c - f + 2 = 0, 2*c = m*c + 4*f - 21. Determine x(c).
-2
Suppose 0 = 2*t, 3*j = 5*t + 106 - 22. Suppose 4*k = 3*c - j, -2*c + 5*c = -2*k + 22. Let l(s) = -6*s + 3*s - 11 - c*s + 10. Determine l(-1).
10
Suppose -1474 = -314*a + 247*a. Let s(d) = -d**2 + 23*d - 8. Give s(a).
14
Let c(m) = -m**3 + 7*m**2 - 3*m - 10. Let z be c(6). Suppose 18 = 4*s - 2*s. Let t(i) = 6 - s + 4*i + 7*i - z*i. Determine t(3).
6
Let a(g) = g**2 + 2. Let b(y) = y**2 - 42*y - 50. Let f(i) = a(i) + b(i). Determine f(22).
-4
Let o(y) = 4*y. Let s(b) = 5*b - 17. Let w be s(3). Let j(k) = -3*k - 1. Let u = -1 - 2. Let p(a) = u*j(a) + w*o(a). Give p(-9).
-6
Let n(v) = v + 10. Suppose -65*h - 15151 = -14501. Determine n(h).
0
Let i(k) = k + 1. Suppose 286 = 6*s - 23*s + 286. Let v(b) = -3*b - 24. Let m(u) = u + 8. Let w(j) = 7*m(j) + 2*v(j). Let f be w(s). Give i(f).
9
Let r(s) = 5*s. Let c(p) = 9*p + 1. Let z(g) = -c(g) + 2*r(g). Give z(-7).
-8
Let f(g) = -g**2 + 6*g + 18. Let k be 1/(-3)*-3*1. Suppose 3*r - 12 = -2*j, 3*r + k = -5. Let d be f(j). Let z(q) = -q**2 - 8*q + 5. Calculate z(d).
-4
Let p(d) be the first derivative of -12*d**2 - 269*d - 7571. What is p(-12)?
19
Suppose -6*a + 9 = o - 3*a, -3*o - a = -27. Suppose o = 2*h + 5. Let v(u) = 6*u**2 - 2*u + 3. Calculate v(h).
23
Let c(m) be the first derivative of -m**4/12 - 5*m**3/6 + 7*m**2 + 95*m + 45. Let w(k) be the first derivative of c(k). Give w(-7).
0
Let g(u) = u**2. Let w(o) = -1 - 13*o**2 + o - 6*o + 36*o**3 - 35*o**3 + 5*o**2. Let a(v) = 4*g(v) + w(v). Give a(6).
41
Let y(c) be the second derivative of -c**4/12 - c**3/6 + 21*c**2/2 - 1170*c. Calculate y(-5).
1
Let l(s) be the third derivative of -s**6/120 + 3*s**5/20 - 13*s**4/24 - 5*s**3/3 - 98*s**2 - 5. Determine l(7).
-3
Suppose 24 + 0 = 4*s. Let k(o) = -10*o + 33. Let i(v) = -3*v + 11. Let h(w) = -7*i(w) + 2*k(w). Let y(q) = q - 10. Let l(u) = -3*h(u) + 2*y(u). What is l(s)?
7
Let v(p) be the third derivative of 0*p**5 - p**2 + 0*p**3 - 1/24*p**6 + 0 + 0*p - 1/24*p**4. Let j(f) = -f**2 - 257*f - 10813. Let a be j(-53). Determine v(a).
6
Suppose -38*u - 56 = -2*u - 34*u. Let o(p) = -p**2 - 26*p + 43. What is o(u)?
-13
Let b be (-6 - 2)*((-36)/16)/(-3). Let w(t) = -t**3 + 6*t**2 + 6. Let r be w(6). Let a(i) = 8 + 11*i - 6*i - r*i. Determine a(b).
14
Suppose 5*l - 17 = y, -3*y = -5*l + 3 + 8. Suppose l*j - 2*j = 0. Let i(m) = -8*m - m**2 + j*m**2 - 3 - m**2 + m**2. What is i(-6)?
9
Let z(w) = -2*w**2 - 29*w + 21. Let s(l) = l**2 + 21*l + 1 - 12 - 4*l - 2*l. Let t(u) = -5*s(u) - 3*z(u). Calculate t(-10).
-28
Let k(r) be the second derivative of -r**5/20 - r**4/4 + r**3 + 3*r**2 - 66*r + 17. Let p = 2 - -4. Suppose y = 5*x + p*y + 20, -2*y = 0. Calculate k(x).
-2
Let o(u) be the second derivative of u**4/6 + 2*u**3/3 + 3*u**2/2 + 14549*u. Let t = -1 + 1. Suppose p - 1 = v, t = v - 3*v - 8. Calculate o(p).
9
Let g(k) = 2*k + 7. Let i(l) = -9*l + 88. Let z be i(9). Suppose 0 = z*m + 12 + 23. Calculate g(m).
-3
Let w(s) = s**2 - 16*s + 49. Let c be w(11). Let h be -3 + 20*c/(-15). Let v(r) = -r - 1. Give v(h).
-6
Let v(c) = 2*c**2 + 8. Let t(o) = -2*o**2 - o - 9. Let h(d) = 6*t(d) + 7*v(d). Let f(z) = -z**2 - 3*z. Let q(l) = -f(l) - h(l). Calculate q(8).
6
Let c(h) = -h**2 + 11*h - 5. Let i = 154 - 152. Suppose 0 = w - 3*o - i, 4*w - 7*w - 3*o + 30 = 0. Calculate c(w).
19
Let g(x) = -9*x**2 - 4*x + 26. Let c(s) = 16*s**2 + 7*s - 49. Let i(h) = 4*c(h) + 7*g(h). Determine i(-5).
11
Suppose 8*m - 47 = -31. Let d(x) = 34 - x**2 + m*x - 67 + 32. Determine d(3).
-4
Let o = -6796 - -6782. Let g(l) = -l - 2. Determine g(o).
12
Let s(z) be the first derivative of -11*z**2/2 + 18*